 - 4*b. What is the hundreds digit of c?
3
Let c(j) = 1660*j**2 - 225*j - 677. What is the ten thousands digit of c(-3)?
1
Let u = 62697 + 4837. What is the ten thousands digit of u?
6
Suppose 0 = 6*a - 2*a. Let q(t) = t + 1. Let i be q(3). Suppose a = r + i*r - 825. What is the hundreds digit of r?
1
Suppose 29 = 13*j + 3. Suppose j*m = 5*m - y - 999, -y + 3 = 0. What is the units digit of m?
4
Let f(q) = 8*q**2 - q - 1217. What is the hundreds digit of f(-35)?
6
Let v = 58115 + -20073. What is the thousands digit of v?
8
Suppose 20*d + 390 = 7*d. What is the units digit of 375/d*5/((-10)/228)?
5
Let g(l) be the third derivative of l**5/4 - l**4/6 + l**3/3 + 1465*l**2. Let d be -1 - ((0 - 0) + -4). What is the hundreds digit of g(d)?
1
Suppose -r + 364 = -2*l, -657 = -4*r + 5*l + 784. Suppose -2*a + r = 26. Suppose -2*g = 3*d - a, 6*d + 188 = 2*g + 3*d. What is the units digit of g?
8
Let b(o) = -4*o - 3. Let u(q) = -8*q - 7. Let f(z) = -5*b(z) + 3*u(z). Let w be (-9)/27*(-1 + 10). What is the units digit of f(w)?
6
Let v(i) = 1099*i**3 - 6*i**2 + 3*i + 8. Let r be v(3). Suppose -14*m + 45*m - r = 0. What is the units digit of m?
6
Let m be -1*((-6)/((-36)/30) + -5). What is the hundreds digit of (2042 - m)*(-8 - 0)/(-16)?
0
Let q(p) = 3*p**2 + 6*p + 7. Let m(k) = 2*k**2 + 6*k + 8. Let z(j) = 4*m(j) - 3*q(j). Let c be z(7). Suppose -42 = -c*u - 14. What is the units digit of u?
7
Let u(z) = z**3 + 14*z**2 - 33*z + 31. Let m be u(-16). Suppose -m*c + 2444 = -36801. What is the hundreds digit of c?
8
Suppose 136*q - 37012 - 71516 = 0. What is the units digit of q?
8
Let o = 454 + -446. What is the hundreds digit of (o*(-99)/(-176))/((-1)/(-38))?
1
Suppose -190*h + 171*h = -817. Let c be 2/(-3) + 4/6. Suppose -3*a - 1 + h = c. What is the tens digit of a?
1
Let s be (-2)/(7 - (-204)/(-28)). What is the hundreds digit of -1 + s - (-1135 + 12/4)?
1
Suppose 148 - 54 = 2*g. Let q = g - -132. What is the hundreds digit of q?
1
Suppose -5*s = 5*g - 33760, 0 = -5*g + s + 54318 - 20540. What is the thousands digit of g?
6
Let f(d) = d**3 + 52*d**2 - 17*d + 462. What is the thousands digit of f(-52)?
1
Let i(a) = 23*a**2 + 13*a - 60. Let r be i(-21). Suppose 2354 = -16*w + r. What is the hundreds digit of w?
4
Suppose 699*t = 753*t - 246780. What is the hundreds digit of t?
5
Let s = -15 + 22. Let f(t) = -t**2 - t + 21. Let m be f(s). Let b = -28 - m. What is the units digit of b?
7
Suppose 156123 = 4*g - 17*u + 22*u, 3*u = -4*g + 156125. What is the units digit of g?
2
Let o = 9611 + -6672. What is the hundreds digit of o?
9
Suppose -4*h = -n - 43051, 5*h + 2*n - 53784 = -n. What is the tens digit of h?
6
Let n be -1 + (3 - 7) + 3 + 0. What is the hundreds digit of (n + -1 - -4)/(-2)*-586?
2
Suppose -18*r - 15438 = -20*r + 12356. What is the ten thousands digit of r?
1
Suppose 5*n + 30380 = 4*z + 167939, 0 = 2*n + 3*z - 54996. What is the thousands digit of n?
7
Let n be (166/(-4))/(-6*2/(-24)). Let y = 86 + n. Suppose 3*o - 3*g - 615 = 0, 2*o = o + y*g + 201. What is the tens digit of o?
0
Let c(a) = -72*a**3 + 5*a + 18. Let i be c(-5). Suppose 14*w - i + 1111 = 0. What is the units digit of w?
3
Suppose -36 = j - 5*j. Let i be ((-1)/((-1)/6))/(j/6). Suppose 0 = -6*g + g - c + 231, -i*g + 5*c = -179. What is the tens digit of g?
4
Let f(p) be the first derivative of 3*p**2 + 65*p - 2. What is the units digit of f(39)?
9
Let r = 38080 + -20889. What is the units digit of r?
1
Let k = -73 - -53. Let s(r) = -2*r - 38. Let a be s(k). What is the tens digit of 1722/27 - (a + 60/(-27))?
6
Suppose 89*a - 280998 = 22*a. What is the hundreds digit of a?
1
Suppose 0 = 1043*l - 1046*l + 3366. Suppose -5*y + l = -903. What is the hundreds digit of y?
4
Let d(n) = 2*n + 12. Let g be d(-6). Suppose -2*l - 268 + 1078 = g. Suppose -3*y = c - 390, 3*y + c - 5*c = l. What is the units digit of y?
1
Suppose -2*y - 3 = a, -a + 9 - 4 = -2*y. Suppose 2*o - 10 - a = q, -o + 4*q + 2 = 0. Suppose -o*g + 1416 = -204. What is the hundreds digit of g?
2
Let m(l) = 4 + 5 + 0*l + 5*l. Let h(k) = 9*k + 18. Let s(v) = 4*h(v) - 7*m(v). What is the units digit of s(7)?
6
Suppose -115*p + 55 = -110*p. Suppose -p*f + 6370 = -f. What is the hundreds digit of f?
6
Let t(j) = 8*j**2 + 59*j + 25. Suppose -32 = -30*x - 452. What is the tens digit of t(x)?
6
Let v be 32/24*(-3)/(-10)*5. Let i(x) = -2*x**3 - 95*x + 2 - 15 - 6*x**2 + 0*x**v + 88*x. What is the units digit of i(-6)?
5
Let b(v) be the third derivative of 109*v**4/24 - v**3/3 + 3*v**2. Let p be b(2). Suppose 6*z = 90 + p. What is the tens digit of z?
5
Let y(o) = -12*o**2. Let g be y(2). Suppose 0 = -t + 5*t - 972. What is the units digit of (t/36)/((-2)/g)?
2
Let z be ((208/(-39))/16)/(1/18). Let w(t) = -2*t**3 - 6*t**2 - 12*t - 20. What is the tens digit of w(z)?
6
Let j be (8/24)/(1/(-2403)). Let s = j - -1763. What is the hundreds digit of s?
9
Let f = 44927 + -24207. What is the thousands digit of f?
0
Suppose 3*p - 283 = -3*u + 4*p, -p - 188 = -2*u. Let i be 8/10 - 1026/u. What is the units digit of -1 + -50*15/i?
4
Let g(m) = 174*m - 5714. What is the tens digit of g(70)?
6
Let t(l) = -l**3 + 30*l**2 + 49*l + 56. What is the thousands digit of t(17)?
4
Let o = 22 - 26. Let v be (18/o)/((-24)/1312). Suppose 0 = -7*k - v + 1898. What is the units digit of k?
6
Suppose 0 = -4*y + r - 6, 5*y + 8 = r. Let i be (-1 + -28)/(y/(-6)). Let q = i - -163. What is the tens digit of q?
7
Let l(z) be the second derivative of -71*z**4/12 - z**3/3 - 3*z**2/2 - 16*z. Let v be l(-1). Let b = v - -132. What is the tens digit of b?
6
Suppose 132916 = 5*q - 10*o + 7*o, 5*q = 5*o + 132920. What is the tens digit of q?
8
Suppose 0 = -2077*q + 2083*q - 98286. What is the ten thousands digit of q?
1
Let v(n) = n**2 + 22*n + 12. Let b be v(-20). Let w = b - -38. Suppose f + 10 = 3*r - 4, -3*f = -r + w. What is the units digit of r?
4
What is the thousands digit of 10/18 + (-7591649)/(-3393)?
2
Suppose 677 = -2*o - v, o - 6*v + 11*v + 316 = 0. Let t = o - -595. What is the units digit of t?
4
Let u be (-6)/(-3)*(-11)/2. What is the units digit of (-26 + 30)*9*u/(-4)?
9
Suppose 190*h - 2757263 = 2920317. What is the thousands digit of h?
9
Suppose -2*o + 12034 = 2*m, -2*o + 6021 = 5*m - 4*m. What is the units digit of m?
3
Let d = 8144 - 7640. What is the tens digit of d?
0
Let r be ((-45)/(-12))/1*-4. Let a be -1 - (4 + r) - -3. Let u(d) = 3*d + 9. What is the units digit of u(a)?
8
Suppose 0 = 6*j + 4*j - 40. Suppose -j*t + 2797 = 737. What is the tens digit of t?
1
Let j = -5 + 7. Suppose 4*o + 2708 = -4*v, -3*o + 3*v - 681 = -2*o. What is the hundreds digit of o/(-6) + -1*(-4)/j?
1
Let v = -218 - -7404. What is the units digit of v?
6
Let k(n) = -n**3 + 21*n**2 + 22*n + 4. Let b be k(22). Suppose -5*x = 5*t - 9*x - 2346, b*t = 3*x + 1876. What is the tens digit of t?
6
What is the hundreds digit of (687/5)/(873/187695)?
5
Let o(s) = 947*s**2 - 408*s - 2854. What is the hundreds digit of o(-7)?
4
Let y(p) = p**3 - 8*p**2 - p + 5. Suppose i - 22 + 12 = 0. What is the hundreds digit of y(i)?
1
Suppose 0 = -75*d + 2179732 - 1697073 + 2694641. What is the hundreds digit of d?
3
Suppose -c + 5*c = 3*s + 215275, 0 = -4*s - 2*c - 287026. What is the tens digit of 1/4 + (s/28)/(-17)?
5
Suppose -14*h = -4*h - 13100. Let f be h + -1 - (-10)/10. Suppose 12*s = 7*s + f. What is the tens digit of s?
6
Let s = 48 - 50. Let n(c) = 2*c**2 + c - 6. Let d be n(s). Suppose d = u + 3*q - 166, u + 4*q = 5*u - 680. What is the tens digit of u?
6
Suppose 38 = c - 2*i, 0*c - 2*i + 22 = c. Suppose -c = -6*a + 84. Suppose -1001 - 139 = -a*l. What is the units digit of l?
0
Let d(t) = -t**2 + 2*t + 2. Let u be d(-2). Let c = u - -211. What is the hundreds digit of c?
2
Let j = 33591 + -23336. What is the hundreds digit of j?
2
Let q = 15340 + -7758. What is the thousands digit of q?
7
What is the thousands digit of (-296150)/(-75) - 5/(-15)?
3
Suppose -3*n - 4*u - 57 = 0, 0*n - u - 43 = 2*n. Let h be -42*(n/3 - -3). What is the units digit of (-4*h/(-24))/(4/6)?
9
What is the units digit of (-6)/4*(-1245040)/197 + 3 + 1?
4
Let h(r) = r**3 + 11*r**2 - 8*r - 12. Let f be h(-12). Let p be 3/(4/(-3)*(-5)/f). What is the units digit of (-122)/(-3) + (-9)/p?
1
Let a = 65 - 68. 